{"id":2557,"date":"2022-10-02T15:51:59","date_gmt":"2022-10-02T18:51:59","guid":{"rendered":"https:\/\/inoutstudio.com.br\/index.php\/termos-condicoes\/"},"modified":"2022-10-02T15:51:59","modified_gmt":"2022-10-02T18:51:59","slug":"termos-condicoes","status":"publish","type":"page","link":"https:\/\/inoutstudio.com.br\/index.php\/termos-condicoes\/","title":{"rendered":"Termos &#038; condi\u00e7\u00f5es"},"content":{"rendered":"\n<!-- This legal document was generated by Complianz Terms &amp; Conditions https:\/\/wordpress.org\/plugins\/complianz-terms-conditions -->\n<div id=\"cmplz-document\" class=\"cmplz-document cmplz-terms-conditions \"><p><i>Os termos e condi\u00e7\u00f5es foram atualizados pela \u00faltima vez em 2 de October de 2022<\/i><\/p><h2>1. Introdu\u00e7\u00e3o<\/h2><p>Estes termos e condi\u00e7\u00f5es se aplicam a este site e \u00e0s transa\u00e7\u00f5es relacionadas aos nossos produtos e servi\u00e7os.&nbsp;Voc\u00ea pode estar sujeito a contratos adicionais relacionados ao seu relacionamento conosco, ou a quaisquer produtos ou servi\u00e7os que voc\u00ea receba de n\u00f3s.&nbsp;Se alguma cl\u00e1usula dos contratos adicionais entrar em conflito com alguma cl\u00e1usula destes termos, as cl\u00e1usulas dos contratos adicionais ir\u00e3o prevalecer.<\/p><h2>2. Obriga\u00e7\u00f5es<\/h2><p>Ao se cadastrar, acessar ou usar este site, voc\u00ea concorda em se comprometer com os termos e condi\u00e7\u00f5es estabelecidos abaixo.&nbsp;O simples uso deste site implica o conhecimento e a aceita\u00e7\u00e3o destes termos e condi\u00e7\u00f5es.&nbsp;Em alguns casos espec\u00edficos, tamb\u00e9m podemos solicitar que voc\u00ea concorde explicitamente.<\/p><h2>3. Comunica\u00e7\u00e3o eletr\u00f4nica<\/h2><p>Ao usar este site ou se comunicar conosco por meios eletr\u00f4nicos, voc\u00ea concorda e reconhece que podemos nos comunicar com voc\u00ea eletronicamente em nosso site, ou enviando um e-mail para voc\u00ea, e concorda que todos os acordos, notifica\u00e7\u00f5es, divulga\u00e7\u00f5es e outras comunica\u00e7\u00f5es que fornecemos a voc\u00ea eletronicamente satisfazem qualquer exig\u00eancia legal, incluindo, mas n\u00e3o se limitando \u00e0 exig\u00eancia de que tais comunica\u00e7\u00f5es devem ser feitas por escrito.<\/p><h2>4. Propriedade intelectual<\/h2><p>N\u00f3s ou nossos licenciadores detemos e controlamos todos os direitos autorais e outros direitos de propriedade intelectual do site e dos dados, informa\u00e7\u00f5es e outros recursos exibidos ou acess\u00edveis no site.<\/p><p class=\"cmplz-subtitle\">4.1 Creative Commons<\/p><p>O conte\u00fado deste site est\u00e1 dispon\u00edvel sob uma licen\u00e7a Creative Commons - Atribui\u00e7\u00e3o, a menos que especificado de outra forma.<\/p><h2>5. Propriedade de terceiros<\/h2><p>Nosso site pode incluir links ou outras refer\u00eancias a sites de terceiros.&nbsp;N\u00e3o monitoramos nem revisamos o conte\u00fado de sites de terceiros que estejam vinculados a este site.&nbsp;Os produtos ou servi\u00e7os oferecidos por outros sites est\u00e3o sujeitos aos termos e condi\u00e7\u00f5es aplic\u00e1veis desses terceiros.&nbsp;As opini\u00f5es expressas ou o material que aparece nesses sites, n\u00e3o s\u00e3o necessariamente compartilhados ou endossados por n\u00f3s.<\/p><p>N\u00e3o seremos respons\u00e1veis por nenhuma pr\u00e1tica de privacidade ou conte\u00fado desses sites.&nbsp;Voc\u00ea assume todos os riscos associados ao uso desses sites e de quaisquer servi\u00e7os de terceiros relacionados.&nbsp;N\u00e3o aceitamos qualquer responsabilidade por perdas ou danos de qualquer natureza, independentemente da causa, resultantes da divulga\u00e7\u00e3o de informa\u00e7\u00f5es pessoais a terceiros.<\/p><h2>6. Uso respons\u00e1vel<\/h2><p>Ao visitar nosso site, voc\u00ea concorda em us\u00e1-lo apenas para os fins previstos e conforme permitido por estes termos, por quaisquer contratos adicionais firmados conosco e pelas leis, regulamentos, pr\u00e1ticas on-line geralmente aceitas e diretrizes do setor aplic\u00e1veis.&nbsp;Voc\u00ea n\u00e3o deve usar nosso site ou nossos servi\u00e7os para usar, publicar ou distribuir qualquer material que consista em (ou esteja vinculado a) software malicioso de computador; usar dados coletados do nosso site, para qualquer atividade de marketing direto, ou conduzir qualquer atividade sistem\u00e1tica ou automatizada de coleta de dados no nosso site ou em rela\u00e7\u00e3o a ele.<\/p><p>\u00c9 estritamente proibido o envolvimento em qualquer atividade que cause ou possa causar danos ao site, ou que interfira no desempenho, na disponibilidade ou na acessibilidade do site.<\/p><h2>7. Envio de ideias<\/h2><p>N\u00e3o envie ideias, inven\u00e7\u00f5es, obras de autoria ou outras informa\u00e7\u00f5es que possam ser consideradas como sua pr\u00f3pria propriedade intelectual e que gostaria de apresentar a n\u00f3s, a menos que tenhamos assinado um contrato referente \u00e0 propriedade intelectual, ou um contrato de n\u00e3o divulga\u00e7\u00e3o.&nbsp;Se voc\u00ea nos divulgar o conte\u00fado, sem esse acordo por escrito, voc\u00ea nos concede uma licen\u00e7a mundial, irrevog\u00e1vel, n\u00e3o exclusiva e isenta de royalties para usar, reproduzir, armazenar, adaptar, publicar, traduzir e distribuir seu conte\u00fado em qualquer m\u00eddia existente ou futura.<\/p><h2>8. Cessa\u00e7\u00e3o do uso<\/h2><p>Poderemos, a nosso exclusivo crit\u00e9rio, a qualquer momento, modificar ou interromper o acesso, tempor\u00e1rio ou permanente, ao site ou a qualquer servi\u00e7o nele contido.&nbsp;Voc\u00ea concorda que n\u00e3o seremos respons\u00e1veis perante voc\u00ea ou qualquer terceiro por qualquer modifica\u00e7\u00e3o, suspens\u00e3o ou interrup\u00e7\u00e3o do seu acesso ou uso do site, ou de qualquer conte\u00fado que voc\u00ea possa ter compartilhado no site.&nbsp;Voc\u00ea n\u00e3o ter\u00e1 direito a nenhuma compensa\u00e7\u00e3o ou outro pagamento, mesmo que determinados recursos, configura\u00e7\u00f5es e\/ou qualquer conte\u00fado com o qual voc\u00ea tenha contribu\u00eddo ou no qual tenha confiado, sejam permanentemente perdidos.&nbsp;Voc\u00ea n\u00e3o deve contornar ou desviar, ou tentar contornar ou desviar, quaisquer medidas de restri\u00e7\u00e3o de acesso ao nosso site.<\/p><h2>9. Garantias e responsabilidade<\/h2><p>Nada nesta se\u00e7\u00e3o ir\u00e1 limitar ou excluir qualquer garantia impl\u00edcita por lei, que seria ilegal limitar ou excluir.&nbsp;Este site e todo o conte\u00fado do site s\u00e3o fornecidos \u201cno estado em que se encontram\u201d e \u201cconforme dispon\u00edveis\u201d e podem incluir imprecis\u00f5es ou erros tipogr\u00e1ficos.&nbsp;Nos isentamos expressamente de todas as garantias de qualquer tipo, expressas ou impl\u00edcitas, quanto \u00e0 disponibilidade, precis\u00e3o ou integridade do conte\u00fado.&nbsp;N\u00e3o garantimos que:<\/p><p><ul>\n                    <li>este site ou nosso conte\u00fado ir\u00e1 atender \u00e0s suas necessidades;<\/li>\n                    <li>este site estar\u00e1 dispon\u00edvel de forma ininterrupta, oportuna, segura ou livre de erros.<\/li>\n        <\/ul><\/p><p>Nada neste site constitui ou tem a inten\u00e7\u00e3o de constituir consultoria jur\u00eddica, financeira ou m\u00e9dica de qualquer tipo.&nbsp;Se voc\u00ea precisar de consultoria, deve consultar um profissional adequado.<\/p><p>As cl\u00e1usulas a seguir desta se\u00e7\u00e3o ser\u00e3o aplicadas na extens\u00e3o m\u00e1xima permitida pela lei aplic\u00e1vel e n\u00e3o limitar\u00e3o ou excluir\u00e3o nossa responsabilidade em rela\u00e7\u00e3o a qualquer assunto que seria ilegal ou il\u00edcito limitarmos ou excluirmos nossa responsabilidade.&nbsp;Em nenhuma hip\u00f3tese seremos respons\u00e1veis por quaisquer danos diretos ou indiretos (incluindo quaisquer danos por perda de lucros ou receita, perda ou corrup\u00e7\u00e3o de dados, software ou banco de dados, ou perda ou dano \u00e0 propriedade ou aos dados) sofridos por voc\u00ea ou por terceiros, decorrentes do seu acesso ou uso do nosso site.<\/p><p>Exceto na medida em que qualquer contrato adicional estabele\u00e7a expressamente o contr\u00e1rio, nossa responsabilidade m\u00e1xima perante voc\u00ea por todos os danos decorrentes ou relacionados ao site ou a quaisquer produtos e servi\u00e7os comercializados ou vendidos pelo site, independentemente da forma de a\u00e7\u00e3o legal que imponha a responsabilidade (seja em contrato, equidade, neglig\u00eancia, conduta intencional, ato il\u00edcito ou de outra forma), ser\u00e1 limitada ao pre\u00e7o total que voc\u00ea nos pagou para adquirir tais produtos ou servi\u00e7os ou usar o site.&nbsp;Esse limite ser\u00e1 aplicado em conjunto a todas as suas reivindica\u00e7\u00f5es, a\u00e7\u00f5es e causas de a\u00e7\u00e3o de todo tipo e natureza.<\/p><h2>10. Privacidade<\/h2><p>Para acessar nosso site e\/ou servi\u00e7os, talvez seja necess\u00e1rio fornecer determinadas informa\u00e7\u00f5es sobre voc\u00ea como parte do processo de cadastro.&nbsp;Voc\u00ea concorda que todas as informa\u00e7\u00f5es que fornecer ser\u00e3o sempre precisas, corretas e atualizadas.<\/p><p>Desenvolvemos uma pol\u00edtica para tratar de quaisquer preocupa\u00e7\u00f5es de privacidade que voc\u00ea possa ter.&nbsp;Para mais informa\u00e7\u00f5es, consulte nossa <a href=\"https:\/\/inoutstudio.com.br\/index.php\/privacidade\/\">Declara\u00e7\u00e3o de privacidade<\/a> e nossa <a href=\"https:\/\/inoutstudio.com.br\/index.php\/politica-de-cookies-br\/\">Pol\u00edtica de cookies<\/a>.<\/p><h2>11. Acessibilidade<\/h2><p>Temos o compromisso de tornar o conte\u00fado que fornecemos acess\u00edvel a pessoas com defici\u00eancias.&nbsp;Se voc\u00ea for portador de defici\u00eancia e n\u00e3o conseguir acessar qualquer parte do nosso site devido \u00e0 sua defici\u00eancia, pedimos que nos envie uma notifica\u00e7\u00e3o, incluindo uma descri\u00e7\u00e3o detalhada do problema encontrado.&nbsp;Se o problema for prontamente identific\u00e1vel e solucion\u00e1vel de acordo com as ferramentas e t\u00e9cnicas de tecnologia da informa\u00e7\u00e3o padr\u00e3o do setor, n\u00f3s o solucionaremos prontamente.<\/p><h2>12. Restri\u00e7\u00f5es \u00e0 exporta\u00e7\u00e3o\/conformidade legal<\/h2><p>\u00c9 proibido o acesso ao site a partir de territ\u00f3rios ou pa\u00edses onde o conte\u00fado ou a compra dos produtos ou servi\u00e7os vendidos no site seja ilegal.&nbsp;Voc\u00ea n\u00e3o pode usar este site em viola\u00e7\u00e3o das leis e regulamentos de exporta\u00e7\u00e3o de Brasil.<\/p><h2>13. Cess\u00e3o<\/h2><p>Voc\u00ea n\u00e3o pode ceder, transferir ou subcontratar nenhum dos seus direitos e\/ou obriga\u00e7\u00f5es sob estes termos e condi\u00e7\u00f5es, no todo ou em parte, a qualquer terceiro sem o nosso consentimento pr\u00e9vio por escrito.&nbsp;Qualquer suposta cess\u00e3o que viole esta se\u00e7\u00e3o ser\u00e1 nula e sem efeito.<\/p><h2>14. Viola\u00e7\u00f5es destes termos e condi\u00e7\u00f5es<\/h2><p>Sem preju\u00edzo de nossos outros direitos previstos nestes termos e condi\u00e7\u00f5es, se voc\u00ea violar estes termos e condi\u00e7\u00f5es de alguma forma, podemos tomar as medidas que considerarmos adequadas para lidar com a viola\u00e7\u00e3o, inclusive suspender tempor\u00e1ria ou permanentemente seu acesso ao site, contatar seu provedor de servi\u00e7os de internet para solicitar que ele bloqueie seu acesso ao site e\/ou iniciar uma a\u00e7\u00e3o legal contra voc\u00ea.<\/p><h2>15. Indeniza\u00e7\u00e3o<\/h2><p>Voc\u00ea concorda em nos indenizar, defender e isentar de responsabilidade contra todas e quaisquer reivindica\u00e7\u00f5es, responsabilidades, danos, perdas e despesas relacionadas \u00e0 sua viola\u00e7\u00e3o destes termos e condi\u00e7\u00f5es e das leis aplic\u00e1veis, incluindo direitos de propriedade intelectual e direitos de privacidade.&nbsp;Voc\u00ea ir\u00e1 nos reembolsar prontamente pelos nossos danos, perdas, custos e despesas relacionados ou decorrentes de tais reivindica\u00e7\u00f5es.<\/p><h2>16. Ren\u00fancia<\/h2><p>A n\u00e3o aplica\u00e7\u00e3o de qualquer das cl\u00e1usulas estabelecidas nestes termos e condi\u00e7\u00f5es e em qualquer acordo, ou a n\u00e3o execu\u00e7\u00e3o de qualquer op\u00e7\u00e3o de rescis\u00e3o, n\u00e3o ser\u00e1 interpretada como ren\u00fancia a tais cl\u00e1usulas e n\u00e3o ir\u00e1 afetar a validade destes termos e condi\u00e7\u00f5es ou de qualquer acordo ou parte dos mesmos, nem o direito de, posteriormente, aplicar cada uma das cl\u00e1usulas.<\/p><h2>17. Idioma<\/h2><p>Estes termos e condi\u00e7\u00f5es ser\u00e3o interpretados e aplicados exclusivamente em Portugu\u00eas.&nbsp;Todas as notifica\u00e7\u00f5es e correspond\u00eancias ser\u00e3o redigidas exclusivamente nesse idioma.<\/p><h2>18. Acordo integral<\/h2><p>Estes termos e condi\u00e7\u00f5es, juntamente com nossa <a href=\"https:\/\/inoutstudio.com.br\/index.php\/privacidade\/\">declara\u00e7\u00e3o de privacidade<\/a> e <a href=\"https:\/\/inoutstudio.com.br\/index.php\/politica-de-cookies-br\/\">pol\u00edtica de cookies<\/a>, constituem o acordo integral entre voc\u00ea e Norberto Gomes em rela\u00e7\u00e3o ao uso deste site.<\/p><h2>19. Atualiza\u00e7\u00e3o destes termos e condi\u00e7\u00f5es<\/h2><p>Podemos atualizar estes termos e condi\u00e7\u00f5es periodicamente.&nbsp;A data indicada no in\u00edcio destes termos e condi\u00e7\u00f5es \u00e9 a data da revis\u00e3o mais recente.&nbsp;Iremos notificar voc\u00ea por escrito sobre quaisquer altera\u00e7\u00f5es ou atualiza\u00e7\u00f5es, e os termos e condi\u00e7\u00f5es revisados entrar\u00e3o em vigor a partir da data em que enviarmos tal notifica\u00e7\u00e3o.&nbsp;O uso continuado deste site ap\u00f3s a publica\u00e7\u00e3o de altera\u00e7\u00f5es ou atualiza\u00e7\u00f5es ser\u00e1 considerado como notifica\u00e7\u00e3o de sua aceita\u00e7\u00e3o em cumprir e estar vinculado a estes termos e condi\u00e7\u00f5es.&nbsp;Para solicitar uma vers\u00e3o anterior destes termos e condi\u00e7\u00f5es, fale com a gente.<\/p><h2>20. Escolha da lei e jurisdi\u00e7\u00e3o aplic\u00e1veis<\/h2><p>Estes termos e condi\u00e7\u00f5es ser\u00e3o regidos pelas leis de Brasil.&nbsp;Quaisquer disputas relacionadas com estes termos e condi\u00e7\u00f5es est\u00e3o sujeitas \u00e0 jurisdi\u00e7\u00e3o dos tribunais de Brasil.&nbsp;Se qualquer parte ou cl\u00e1usula destes termos e condi\u00e7\u00f5es for considerada inv\u00e1lida e\/ou n\u00e3o aplic\u00e1vel por um tribunal ou outra autoridade ao abrigo da legisla\u00e7\u00e3o aplic\u00e1vel, tal parte ou cl\u00e1usula ser\u00e1 modificada, exclu\u00edda e\/ou aplicada na medida do poss\u00edvel, de modo a dar efeito \u00e0 inten\u00e7\u00e3o destes termos e condi\u00e7\u00f5es.&nbsp;As demais cl\u00e1usulas n\u00e3o ser\u00e3o afetadas.<\/p><h2>21. Informa\u00e7\u00f5es de contato<\/h2><p>Este site \u00e9 de propriedade e operado por Norberto Gomes.<\/p><p>Voc\u00ea pode falar conosco sobre estes termos e condi\u00e7\u00f5es atrav\u00e9s da nossa p\u00e1gina <a href=\"https:\/\/inoutstudio.com.br\/index.php\/contato\/\">contato<\/a>.<\/p><h2>22. Baixar<\/h2><p>Voc\u00ea tamb\u00e9m pode <a href=\"https:\/\/inoutstudio.com.br\/wp-content\/plugins\/complianz-terms-conditions\/download.php\">baixar<\/a> nossos termos e condi\u00e7\u00f5es como um PDF.<\/p><\/div>\n","protected":false},"excerpt":{"rendered":"","protected":false},"author":1,"featured_media":0,"parent":0,"menu_order":0,"comment_status":"closed","ping_status":"closed","template":"","meta":{"colormag_page_layout":"default_layout","footnotes":""},"class_list":["post-2557","page","type-page","status-publish","hentry"],"yoast_head":"<!-- This site is optimized with the Yoast SEO plugin v26.5 - https:\/\/yoast.com\/wordpress\/plugins\/seo\/ -->\n<title>Termos &amp; condi\u00e7\u00f5es - InOutStudio<\/title>\n<meta name=\"robots\" content=\"index, follow, max-snippet:-1, max-image-preview:large, max-video-preview:-1\" \/>\n<link rel=\"canonical\" href=\"https:\/\/inoutstudio.com.br\/index.php\/termos-condicoes\/\" \/>\n<meta property=\"og:locale\" content=\"pt_BR\" \/>\n<meta property=\"og:type\" content=\"article\" \/>\n<meta property=\"og:title\" content=\"Termos &amp; condi\u00e7\u00f5es - InOutStudio\" \/>\n<meta property=\"og:url\" content=\"https:\/\/inoutstudio.com.br\/index.php\/termos-condicoes\/\" \/>\n<meta property=\"og:site_name\" content=\"InOutStudio\" \/>\n<meta name=\"twitter:card\" content=\"summary_large_image\" \/>\n<script type=\"application\/ld+json\" class=\"yoast-schema-graph\">{\"@context\":\"https:\/\/schema.org\",\"@graph\":[{\"@type\":\"WebPage\",\"@id\":\"https:\/\/inoutstudio.com.br\/index.php\/termos-condicoes\/\",\"url\":\"https:\/\/inoutstudio.com.br\/index.php\/termos-condicoes\/\",\"name\":\"Termos & condi\u00e7\u00f5es - InOutStudio\",\"isPartOf\":{\"@id\":\"https:\/\/inoutstudio.com.br\/#website\"},\"datePublished\":\"2022-10-02T18:51:59+00:00\",\"breadcrumb\":{\"@id\":\"https:\/\/inoutstudio.com.br\/index.php\/termos-condicoes\/#breadcrumb\"},\"inLanguage\":\"pt-BR\",\"potentialAction\":[{\"@type\":\"ReadAction\",\"target\":[\"https:\/\/inoutstudio.com.br\/index.php\/termos-condicoes\/\"]}]},{\"@type\":\"BreadcrumbList\",\"@id\":\"https:\/\/inoutstudio.com.br\/index.php\/termos-condicoes\/#breadcrumb\",\"itemListElement\":[{\"@type\":\"ListItem\",\"position\":1,\"name\":\"In\u00edcio\",\"item\":\"https:\/\/inoutstudio.com.br\/\"},{\"@type\":\"ListItem\",\"position\":2,\"name\":\"Termos &#038; condi\u00e7\u00f5es\"}]},{\"@type\":\"WebSite\",\"@id\":\"https:\/\/inoutstudio.com.br\/#website\",\"url\":\"https:\/\/inoutstudio.com.br\/\",\"name\":\"InOutStudio\",\"description\":\"Fotos e Filmagens\",\"publisher\":{\"@id\":\"https:\/\/inoutstudio.com.br\/#organization\"},\"potentialAction\":[{\"@type\":\"SearchAction\",\"target\":{\"@type\":\"EntryPoint\",\"urlTemplate\":\"https:\/\/inoutstudio.com.br\/?s={search_term_string}\"},\"query-input\":{\"@type\":\"PropertyValueSpecification\",\"valueRequired\":true,\"valueName\":\"search_term_string\"}}],\"inLanguage\":\"pt-BR\"},{\"@type\":\"Organization\",\"@id\":\"https:\/\/inoutstudio.com.br\/#organization\",\"name\":\"InOutStudio\",\"url\":\"https:\/\/inoutstudio.com.br\/\",\"logo\":{\"@type\":\"ImageObject\",\"inLanguage\":\"pt-BR\",\"@id\":\"https:\/\/inoutstudio.com.br\/#\/schema\/logo\/image\/\",\"url\":\"https:\/\/inoutstudio.com.br\/wp-content\/uploads\/2022\/09\/cropped-logo_InoutStudio2022.png\",\"contentUrl\":\"https:\/\/inoutstudio.com.br\/wp-content\/uploads\/2022\/09\/cropped-logo_InoutStudio2022.png\",\"width\":253,\"height\":90,\"caption\":\"InOutStudio\"},\"image\":{\"@id\":\"https:\/\/inoutstudio.com.br\/#\/schema\/logo\/image\/\"}}]}<\/script>\n<!-- \/ Yoast SEO plugin. -->","yoast_head_json":{"title":"Termos & condi\u00e7\u00f5es - InOutStudio","robots":{"index":"index","follow":"follow","max-snippet":"max-snippet:-1","max-image-preview":"max-image-preview:large","max-video-preview":"max-video-preview:-1"},"canonical":"https:\/\/inoutstudio.com.br\/index.php\/termos-condicoes\/","og_locale":"pt_BR","og_type":"article","og_title":"Termos & condi\u00e7\u00f5es - InOutStudio","og_url":"https:\/\/inoutstudio.com.br\/index.php\/termos-condicoes\/","og_site_name":"InOutStudio","twitter_card":"summary_large_image","schema":{"@context":"https:\/\/schema.org","@graph":[{"@type":"WebPage","@id":"https:\/\/inoutstudio.com.br\/index.php\/termos-condicoes\/","url":"https:\/\/inoutstudio.com.br\/index.php\/termos-condicoes\/","name":"Termos & condi\u00e7\u00f5es - InOutStudio","isPartOf":{"@id":"https:\/\/inoutstudio.com.br\/#website"},"datePublished":"2022-10-02T18:51:59+00:00","breadcrumb":{"@id":"https:\/\/inoutstudio.com.br\/index.php\/termos-condicoes\/#breadcrumb"},"inLanguage":"pt-BR","potentialAction":[{"@type":"ReadAction","target":["https:\/\/inoutstudio.com.br\/index.php\/termos-condicoes\/"]}]},{"@type":"BreadcrumbList","@id":"https:\/\/inoutstudio.com.br\/index.php\/termos-condicoes\/#breadcrumb","itemListElement":[{"@type":"ListItem","position":1,"name":"In\u00edcio","item":"https:\/\/inoutstudio.com.br\/"},{"@type":"ListItem","position":2,"name":"Termos &#038; condi\u00e7\u00f5es"}]},{"@type":"WebSite","@id":"https:\/\/inoutstudio.com.br\/#website","url":"https:\/\/inoutstudio.com.br\/","name":"InOutStudio","description":"Fotos e Filmagens","publisher":{"@id":"https:\/\/inoutstudio.com.br\/#organization"},"potentialAction":[{"@type":"SearchAction","target":{"@type":"EntryPoint","urlTemplate":"https:\/\/inoutstudio.com.br\/?s={search_term_string}"},"query-input":{"@type":"PropertyValueSpecification","valueRequired":true,"valueName":"search_term_string"}}],"inLanguage":"pt-BR"},{"@type":"Organization","@id":"https:\/\/inoutstudio.com.br\/#organization","name":"InOutStudio","url":"https:\/\/inoutstudio.com.br\/","logo":{"@type":"ImageObject","inLanguage":"pt-BR","@id":"https:\/\/inoutstudio.com.br\/#\/schema\/logo\/image\/","url":"https:\/\/inoutstudio.com.br\/wp-content\/uploads\/2022\/09\/cropped-logo_InoutStudio2022.png","contentUrl":"https:\/\/inoutstudio.com.br\/wp-content\/uploads\/2022\/09\/cropped-logo_InoutStudio2022.png","width":253,"height":90,"caption":"InOutStudio"},"image":{"@id":"https:\/\/inoutstudio.com.br\/#\/schema\/logo\/image\/"}}]}},"_links":{"self":[{"href":"https:\/\/inoutstudio.com.br\/index.php\/wp-json\/wp\/v2\/pages\/2557","targetHints":{"allow":["GET"]}}],"collection":[{"href":"https:\/\/inoutstudio.com.br\/index.php\/wp-json\/wp\/v2\/pages"}],"about":[{"href":"https:\/\/inoutstudio.com.br\/index.php\/wp-json\/wp\/v2\/types\/page"}],"author":[{"embeddable":true,"href":"https:\/\/inoutstudio.com.br\/index.php\/wp-json\/wp\/v2\/users\/1"}],"replies":[{"embeddable":true,"href":"https:\/\/inoutstudio.com.br\/index.php\/wp-json\/wp\/v2\/comments?post=2557"}],"version-history":[{"count":0,"href":"https:\/\/inoutstudio.com.br\/index.php\/wp-json\/wp\/v2\/pages\/2557\/revisions"}],"wp:attachment":[{"href":"https:\/\/inoutstudio.com.br\/index.php\/wp-json\/wp\/v2\/media?parent=2557"}],"curies":[{"name":"wp","href":"https:\/\/api.w.org\/{rel}","templated":true}]}}